a prime number?
True
Suppose -15*q - 13*q - 114233 + 2043517 = 0. Is q a prime number?
True
Is 26583810/308 + -1*(-2)/(-28) a prime number?
True
Let k(f) = -7058*f + 343. Is k(-2) a prime number?
False
Suppose 92*n + 1465731 = 5738119. Is n a composite number?
False
Suppose 2*n + 5*c + 53 = 3*n, n + 3*c = 37. Suppose -237388 = -n*b + 9*b. Is b prime?
False
Let j(c) = -2*c**3 - c - 93. Let p be j(0). Let t = 7144 + p. Is t a composite number?
True
Let u(h) be the third derivative of -19*h**2 + 0 - 2/3*h**4 + 11/20*h**5 + 1/3*h**3 + 0*h. Is u(-9) a prime number?
True
Suppose 41 = 10*y - 49. Suppose -3*r = -r - 260. Is (r - -1)*y/9 a prime number?
True
Suppose 4*p = 2*s + 1004434, 2*p - 78*s - 502235 = -79*s. Is p a prime number?
False
Suppose -1097985 - 1779153 - 52551 = -189*w. Is w composite?
True
Let s(n) = -12910*n**3 + 34*n + 89. Is s(-3) prime?
False
Suppose -3*a + z = -1457687, 3*z + 1196553 = 5*a - 1232936. Is a prime?
True
Let i be 2 - (-2 - (2397 - -4)/1). Let b = -284 + i. Let k = b + -1400. Is k composite?
True
Suppose -d - 4*d - 2*q + 11799 = 0, -d + 2349 = -5*q. Let z = d + -342. Is z prime?
True
Let d be (-13389)/(-4) + (-10)/40. Suppose 2*i + 5*q - d = 0, -3*i - i = 5*q - 6699. Is i/(-10)*25/(-10) a prime number?
True
Let w(y) = -1752*y + 1393. Is w(-57) a composite number?
True
Let o = -638 - -461. Suppose -2*x = -0*x - 3*d + 127, 0 = 4*x - 3*d + 251. Let p = x - o. Is p composite?
True
Let v = 70133 - -80681. Is v prime?
False
Let d = 576 - -74. Let n = d + 4577. Is n composite?
False
Let n(c) be the first derivative of -34*c**2 + 35*c + 5. Let y be (-31)/4 + 12/16. Is n(y) prime?
False
Is 1/(((-16)/(9 - 1))/(-25414)) a prime number?
False
Suppose 81 - 89 = -l. Is (2874/l)/((-6)/(-136)) prime?
False
Suppose -40*j = -36*j + 20. Let u(t) be the first derivative of -5*t**4 - t**3/3 + 5*t**2 + 4*t - 1. Is u(j) prime?
False
Suppose 4*u - 20 = -3*j, 2*u - j = 8 + 2. Suppose u*y = -2*y. Suppose y*x + 2*x - 54 = 3*k, x + k = 17. Is x a prime number?
False
Let z be 26/4*-8*2. Let t = 648 - z. Let k = -253 + t. Is k a prime number?
True
Suppose 0 = 7*b + 2*b - 81. Suppose -b = -j - 2*j, -3*j + 83254 = 5*g. Is g a composite number?
False
Suppose 6*p - 275300 = 152614. Is p a prime number?
False
Let l = 1347847 - -96072. Is l a prime number?
False
Let g be (-2 - -3)*1 + (10 - -40369). Suppose 0 = 2*f + 3*z - 25559 + 5365, 4*f = -4*z + g. Is f composite?
False
Suppose 0*j + 5*j = 70. Let r be 3242*j/4*(-1)/(-7). Suppose 0 = 4*v - 5*i - r, -2*v = -8*i + 12*i - 830. Is v composite?
False
Let l = -604 + 2816. Suppose 1613 + 3862 = -15*r. Let o = l + r. Is o composite?
False
Let q = -311 + 313. Is 109466/14*(-1 + q) a prime number?
False
Let b(s) = -1103*s + 8 + 1079*s + 246*s**2 - 1. Is b(-8) composite?
True
Let g(a) = a**3 + 5*a**2 - 9*a - 16. Let d be g(-6). Suppose -5*w + 8*x - 11*x = -18729, -x + 7492 = d*w. Is w composite?
True
Let z = -3630 - -11849. Is z a composite number?
False
Let c be (-7)/(-7)*-1 - 1192. Let d = 2568 - c. Is d a prime number?
True
Let v = -59 - -56. Let o be (-8)/24*(-3681)/v. Let t = 2610 - o. Is t composite?
False
Let v(z) = -1556*z**3 - 6*z**2 - z + 2. Let t(g) = 1557*g**3 + 5*g**2 + g - 2. Let j(f) = 6*t(f) + 5*v(f). Is j(1) a prime number?
False
Let h(j) = 6*j - 31. Let s be h(5). Let u be -3 + (s - -4) - -2. Suppose u*q = 6*q - 3556. Is q prime?
False
Suppose 3*t + 553*h - 1210569 = 557*h, 3*t - 2*h = 1210551. Is t prime?
True
Is 67/(603/5232960) + 9 + -2 a composite number?
False
Suppose -19*c + 18*c + 5 = 0. Suppose 6*u = 7*u - c. Suppose 0 = j + u*j - 708. Is j prime?
False
Suppose 19*j - 4657295 - 2746792 = 1443358. Is j composite?
True
Let j(m) = -202581*m - 1965. Is j(-2) a prime number?
False
Suppose 21414608 = 42*p + 4937294. Is p prime?
False
Suppose 2*t + 3706886 = 2*l, -3706888 = -2*l - 7*t + 10*t. Is l a composite number?
True
Let d(p) be the second derivative of -1211*p**3/3 - 13*p**2/2 - p - 45. Is d(-2) a prime number?
True
Suppose -8*j = 2*j + 210189 - 673499. Is j a composite number?
True
Let f(n) = -3*n**3 + 55*n**2 - 37*n - 40. Is f(17) prime?
True
Let x(m) = 38*m**3 - 5*m**2 - 77*m + 732. Is x(10) a prime number?
False
Let i(d) = 71*d**3 + 7*d**2 - 12*d - 33. Is i(8) a composite number?
False
Suppose 3*d + 4*g - 3 = 10, -g = 3*d - 19. Let v = -30 + d. Let z(h) = -h**3 - 23*h**2 - 3*h - 14. Is z(v) a composite number?
True
Let j(i) = 1192*i + 1063561. Is j(0) composite?
False
Let x be (-5)/(-3)*1059 - -7. Suppose -5*w - 2671 = -3*f, -f - f = w - x. Is f composite?
False
Let z be 2/(-13) + (-158)/(-13). Let n = 120 + z. Let k = 319 - n. Is k a composite number?
True
Suppose -5917365 + 10228075 = 123*l - 9904031. Is l prime?
False
Is (-15)/(-5) + 971081 + 5 a prime number?
False
Suppose 0 = -3*v - 5*i + 10, -5*v + i + 24 = 2*i. Suppose 5*r + 13*q = 8*q + 54230, 4*r + v*q = 43383. Is r a prime number?
True
Let k be ((-1)/2)/(4/16*2). Let o be k + (630/12)/((-3)/(-114)). Let z = o + -795. Is z prime?
False
Let l(s) = 2203*s**2 - 6*s + 6. Let b(p) = -6609*p**2 + 18*p - 18. Let u(i) = -4*b(i) - 11*l(i). Is u(1) a composite number?
False
Let q(t) = t**2 - t - 1. Let c(j) = 4*j**2 + 9*j + 12. Let m(p) = c(p) - 5*q(p). Let r be m(7). Suppose r = -3*v + 2085. Is v a composite number?
False
Suppose 24*h = 20*h + 20256. Suppose 4*q - h = 4*j, 4*q + j = -0*q + 5089. Is q a prime number?
False
Let r(c) be the first derivative of c**4/4 + 2*c**3/3 + 57*c**2/2 + 31*c + 108. Is r(23) composite?
True
Let f(s) = -5*s**3 + 29*s**2 - 2*s + 25. Let z(b) = 14*b**3 - 88*b**2 + 6*b - 73. Let k(y) = -17*f(y) - 6*z(y). Is k(-7) a composite number?
False
Let n be ((-20)/(-6))/(42/(-95445)). Let y = n - -11494. Is y composite?
False
Let z(v) = 9327*v + 1652. Is z(115) a prime number?
False
Suppose -10*o - 24 = -4. Is 11014 + (-1)/(-1) + (2 - o) a prime number?
False
Let k = 199237 + -70050. Is k a prime number?
True
Suppose 6*q = 23*q - 6171. Let i = q + 338. Is i a composite number?
False
Is ((-16)/(-8))/(-1*8/(-1730516)) a prime number?
False
Suppose -57*b = -74*b + 43*b - 11769446. Is b composite?
False
Let t be ((-3)/30*-5)/(2/20). Suppose -t*l + 1651 = -384. Is l a prime number?
False
Let v = 13572 - -5471. Is v a prime number?
False
Let v(x) = -x**3 - 23*x**2 - 20*x + 44. Let t be v(-22). Let b be ((-3)/(-9))/(3/18) + t. Suppose -2*y = 2, -3*f - y = b*f - 7654. Is f a composite number?
False
Suppose 5*l = -3*k, -2*k - 3*k = -l. Suppose 15526 = -l*a + 14*a. Is a prime?
True
Is -166762*(231/14 - 17) a composite number?
True
Suppose 3*w - 2*q = 4*w + 23, 2*w = 2*q - 28. Let i = 298 - 194. Let v = i - w. Is v a composite number?
True
Let r(d) = 170*d - 135. Let k be r(16). Suppose 2*s + 5*m + 5104 = -s, 2*s = -m - 3412. Let f = k + s. Is f composite?
False
Suppose -20 = 4*l, -3*o + 53490 = -3*l - 188106. Is o composite?
False
Let k = -365621 + 572848. Is k a composite number?
False
Suppose -11*m = 6*m - 85. Let d(q) = 41*q - 1. Let l be d(4). Suppose -x + 197 = m*r, 3*r = -3*x - l + 730. Is x a composite number?
True
Let o be (2 - 1) + -14 + 15. Suppose o*m - 5265 = -1375. Is m a composite number?
True
Let y(b) = -852*b + 44. Let r(x) = -284*x + 15. Let z(a) = 11*r(a) - 4*y(a). Is z(2) a composite number?
False
Let b be (2*-4)/(-2 - -5 - 5). Suppose -4*m + 728 + 720 = -b*w, 5*m + w - 1780 = 0. Suppose -2*a = -m + 135. Is a a prime number?
False
Let g = -94 - -92. Is (-4690 + g)/(-3) + 3 composite?
False
Let t(f) = 605*f**2 + 99*f - 123. Is t(-29) a prime number?
True
Let t = -92 + 94. Let q(g) = -16*g + 8*g + 16*g + 8*g + 4 + 63*g**t. Is q(-5) a prime number?
True
Let p = 80 - 48. Let v = p - 1936. Is (-27)/9*(v/3 + 1) a prime number?
True
Is 77382 - 38/(-19)*14/4 composite?
True
Let v be 1/(8/(-6)) - 18764/(-16). Suppose 114*a = 110*a + v. Is a composite?
False
Let b = -699 - -701. Suppose 2*m = -2*m + 372. Is (b + 5)*(4 + m) a composite number?
True
Let g(d) = -416*d + 1. Let b(y) = -y**2 + 6*y + 16. Let k be b(9). Let q(n) = 208*n - 1. Let p(s) = k*q(s) - 6*g(s). Is p(6) composite?
True
Is (7 - (21 + -16))/((-2)/(-3309)) a prime number?
False
Let i be -2 + -1 - (3 + (3 - 1112)). Let q = i + -112. Is q a composite number?
False
Suppose -141*z + 129*z + 2717014 + 3008870 = 0. Is z composite?
True
Let a be (-200